)/(-6) is divided by o.
0
Suppose -8*m + 7*m = l - 76, 5*m - 88 = -l. Calculate the remainder when 136 is divided by l.
63
Let j = 25 + -18. Let p(h) = h**2 + 2*h - 6. Let g be p(5). Suppose 0 = 5*i + 5*d - 93 + 23, -5*d = -4*i + g. What is the remainder when i is divided by j?
4
Suppose -7*y = -17*y + 860. Calculate the remainder when 158 is divided by y.
72
Let z(i) = 4*i**3 + 10*i**2 + 9*i - 6. Let x(c) = 9*c**3 + 21*c**2 + 19*c - 12. Let j(n) = 3*x(n) - 7*z(n). Calculate the remainder when j(-7) is divided by 26.
22
Suppose 4 = 2*r + 2*r. Let z = -8 + 11. Suppose z + 6 = -2*m + 5*l, m + 2*l - 9 = 0. What is the remainder when m is divided by r?
0
Suppose 4*w - y - 39 = 3*w, -w - 5*y = -27. Let i = 69 - w. Let x = 34 - i. What is the remainder when 3 is divided by x?
1
Suppose w - 39 = -4*x, 4*w - 10 = -x + 71. What is the remainder when w is divided by 12?
7
Let w = 270 + 37. What is the remainder when w is divided by 62?
59
Suppose 0 = 11*j - 13*j + 92. What is the remainder when 89 is divided by j?
43
Let o = 173 + 455. Suppose 0 = -14*g + 9*g - 210. Calculate the remainder when (-6)/g + o/14 is divided by 12.
9
Let z(f) = -10*f**2 + 101*f + 21. Calculate the remainder when 87 is divided by z(10).
25
Let o(g) = g**3 - 18*g**2 + 31*g + 21. Let a be o(16). Calculate the remainder when (3*a)/(232/(-128) + 2) is divided by 27.
26
Suppose 0 = r - 3*r - 5*m + 17, -25 = -5*r + 5*m. Suppose 2*g - 39 = -5. Let v = g + 4. Calculate the remainder when v is divided by r.
3
Let a = 547 - 492. Calculate the remainder when 169 is divided by a.
4
Let i be (7*(-6)/(-21))/(2/4). Suppose -6*j - 4*n = -i*j - 46, 48 = 3*j - n. What is the remainder when j is divided by 9?
8
Suppose -2*s - 3*s = 55. Let g = -1 - s. Let l = 4459 - 4423. What is the remainder when l is divided by g?
6
Let d(k) = 98*k**2 + 12 + 0*k**3 - 90*k**2 + 14*k - k**3. What is the remainder when d(7) is divided by 32?
31
Suppose -7 = -v + 1. Suppose 5*m + 5 = 6*m. Suppose 2*i - 4*o = 10, 3 = -i - o + m*o. What is the remainder when i is divided by v?
5
Suppose 5*z = -15, -n = -4*z + 2735 - 375. What is the remainder when 2/7 + -4*n/112 is divided by 29?
27
Let n = 133 - 46. Calculate the remainder when n is divided by 37.
13
Let z(p) = p**2 - 6*p + 4. Let y be z(5). Suppose 2*a - a = -2*c + 12, 3*c = -a + 15. Calculate the remainder when 24 + y - (0 + 1) is divided by a.
4
What is the remainder when 124 is divided by 9/(-18)*1*-112?
12
Let c = 415 - -25. Calculate the remainder when c is divided by 151.
138
Let f(l) = -l**3 - 11*l**2 + 7*l + 29. Calculate the remainder when f(-13) is divided by 11.
1
Let s(c) = 1 + 3*c + c + c - 6*c. Calculate the remainder when 51 is divided by s(-13).
9
Let z(b) be the second derivative of b**5/20 - 5*b**4/12 + 5*b**3/6 - 10*b**2 + 14*b - 2. Calculate the remainder when z(5) is divided by 2.
1
Suppose 9*g = 39*g - 8070. Calculate the remainder when g is divided by 61.
25
Let f(g) = 7*g + 46. Suppose -u = -6*u + 25. Calculate the remainder when f(u) is divided by (1 + -3)/(2/(-28)).
25
Let t(a) be the second derivative of a**3/3 + 6*a. What is the remainder when 27 is divided by t(3)?
3
Let j = 221 - 194. What is the remainder when 290 is divided by j?
20
Suppose -2*j - 99 = -5*j. What is the remainder when j is divided by 10?
3
Let j = -96 + 217. Let z = 30 - -1. What is the remainder when j is divided by z?
28
Let p(u) = -u**2 + 17*u + 12. What is the remainder when p(15) is divided by 16?
10
Suppose 4*i - 30 = p + 11, -4*p = -3*i + 47. Let g = i - -55. What is the remainder when g is divided by 13?
12
Suppose 6*q - q = 5. Let z be q*63 + (-2)/1. Suppose 4*l = -2*t + 25 + z, -5*l = 0. Calculate the remainder when t is divided by 11.
10
Let f = 883 + -795. Calculate the remainder when 525 is divided by f.
85
Suppose 5*r - 398 = -3*z + 128, 0 = -2*r - 4*z + 216. Let i = -98 + r. Calculate the remainder when 1/(-1 + (-24)/(-22)) is divided by i.
5
Suppose -2*j + 63 = -r + 6, 5 = 5*r. What is the remainder when 46 is divided by j?
17
What is the remainder when 0 - 3*((-105)/7 - -4) is divided by (-1 - -2)*(0 - -15)?
3
Let w(m) = m**2 - 12*m - 18. Let l be w(16). Suppose s + 4 = -5*v + l, -5*s - 2*v = -210. Calculate the remainder when s is divided by 25.
17
Suppose 6*a + 4*a = 2500. Calculate the remainder when a is divided by 18.
16
Suppose -3*j + 9 = 2*g, 2*g + j - 3 = -2*g. What is the remainder when 16 is divided by ((-5)/10 - g)*-12?
4
Let v = -15 - -31. Suppose -57*s - 247 = -40*s - 36*s. Calculate the remainder when v is divided by s.
3
Suppose 3*c - k = 84, -2*c - 2*k + 0*k = -56. Calculate the remainder when c is divided by 8.
4
Suppose -b + 8 = 2*z + 2*b, 2*z + 4*b = 8. Suppose -12 = z*g, -123 = -4*i - i - 4*g. Suppose 5*h - 18 = 17. What is the remainder when i is divided by h?
6
Let a = -145 + 150. Calculate the remainder when a is divided by 4.
1
Let b(t) = 2*t**2 - 2*t - 2. Suppose 2*o = -20 + 40. Calculate the remainder when b(3) is divided by o.
0
Let y = -7 - -17. Let h be (3 - -1) + (-15)/(-3). Suppose -152 = -13*r + h*r. Calculate the remainder when r is divided by y.
8
Suppose -3*i + 186 = 5*r, 2*r - 3*i - 22 = 65. Suppose f + 11 = -0*d - 5*d, -4 = -f - 2*d. What is the remainder when r is divided by f?
11
Let h = -230 - -154. Let m = -43 - h. Suppose -83 + m = -2*q. What is the remainder when 46 is divided by q?
21
Let j = -419 - -580. Calculate the remainder when j is divided by 41.
38
Let o = 659 - 257. What is the remainder when o is divided by 27?
24
Let b = 22 - -8. Let r = b + -23. Calculate the remainder when 41 is divided by r.
6
Suppose -7*c + 9*c + 4*z = 20, z = 2. What is the remainder when 59 is divided by c?
5
Let l(j) = j**3 + 8*j**2 + 3*j - 4. Let z(c) = c**2 + 4 + 0*c**2 - 57*c + 1 + 64*c. Let h be z(-4). Calculate the remainder when 71 is divided by l(h).
23
Let b(f) = 4*f**3 - 3*f**2 + 5*f - 2. Let w be b(1). Suppose w*m + 4 = 20. Let o(x) = x + 3. Calculate the remainder when o(6) is divided by m.
1
Let c(o) = o**2 + 8. Let l be (3 + -4 - -1)/3. What is the remainder when 30 is divided by c(l)?
6
Let d = 1615 + -1539. Calculate the remainder when 76 is divided by d.
0
Let q = 442 - 252. Suppose 2*y = 4*n + q, -y = -0*y + 3*n - 105. What is the remainder when y is divided by 20?
19
Let j be ((-2)/(-6))/((-2)/6). Calculate the remainder when 123 is divided by (-5)/j - (-12 - -3).
11
Let y(q) = q**3 - 18*q**2 + 14*q + 36. Let x be y(17). Let r = -1 + 23. Let s = x + r. What is the remainder when s is divided by 2?
1
Let q(f) = -9*f - 12. Let z be q(-4). What is the remainder when (z + -4 - -3)/1 is divided by 4?
3
Let z(d) = -d**2 - 4*d + 1. Let v be z(-4). Let u be v + -11*(-2 + 1). What is the remainder when 69 is divided by (-54)/(-21)*112/u?
21
Let f = -10 + 12. Suppose -f = -0*q - q, 478 = 4*c + q. Calculate the remainder when c is divided by 20.
19
Suppose -5*z = 3*a + 2*a - 70, 0 = 5*z + a - 62. What is the remainder when (-4)/(-3*(-16)/(-408)) is divided by z?
10
Let n = 10 - 7. Suppose 5*b - 12 - 10 = -4*s, 5*s + n*b - 21 = 0. Calculate the remainder when 67 is divided by (-20 + s)/(-1 - 0).
16
Let m be (-820)/(-50) + (-2)/5. Let w(i) = i**2 - 17*i + 19. What is the remainder when 9 is divided by w(m)?
0
Suppose -35*z + 748 = -24*z. Calculate the remainder when 195 is divided by z.
59
Let y(d) = d**2 - 3*d - 4. Let o = -19 + 26. What is the remainder when 167 is divided by y(o)?
23
Suppose 0 = -5*b - 21 - 69. Let j(o) = 2*o**2 + 35*o. Let f = 17 + 53. What is the remainder when f is divided by j(b)?
16
Suppose 4*q = -498 + 1350. Calculate the remainder when q is divided by 43.
41
Suppose 0 = n - 7. Suppose -3*j + 120 = -3*x, 0 = -5*j - 4*x + 2*x + 214. Suppose 39*i - j*i = -102. What is the remainder when i is divided by n?
6
Suppose 28*p - 210 = 25*p. Calculate the remainder when p is divided by 18.
16
Suppose 63 - 315 = -3*y. Suppose 4*p - y = 56. Suppose -25 = -4*z + p. What is the remainder when 58 is divided by z?
13
Let a = -10 + 12. Let m = -6 + 5. Calculate the remainder when 2 is divided by a/(5 - 3) - m.
0
Let j = -14 + -12. Suppose -3*r - 10 + 25 = 0. What is the remainder when (2/4 + -1)*j is divided by r?
3
Let l = 8 + -5. Suppose -4*g = -3*g. Let z(i) = i**2 - i + 10. Calculate the remainder 